site number?
True
Is 2347721 a composite number?
False
Is 660787 composite?
False
Is 2206543 composite?
False
Is 35635841 a prime number?
True
Is 33621781 prime?
True
Is 18207407 a prime number?
True
Is 9057109 a composite number?
False
Is 698567 a composite number?
False
Is 6353659 a composite number?
True
Is 72647867 a composite number?
True
Is 1055189033 prime?
True
Is 981537 a prime number?
False
Is 60246323 prime?
False
Is 6634349 a prime number?
False
Is 8059483 a composite number?
True
Is 3040889 composite?
False
Is 27883447 a composite number?
False
Is 39605921 a composite number?
False
Is 47377931 composite?
False
Is 13353737 composite?
True
Is 48650411 composite?
False
Is 4513661 prime?
True
Is 3805037 a prime number?
True
Is 10667487 a composite number?
True
Is 29472803 a prime number?
True
Is 410039801 a prime number?
True
Is 136558 a prime number?
False
Is 27755857 a composite number?
False
Is 83595745 a composite number?
True
Is 3487321 prime?
True
Is 382919 a prime number?
True
Is 33007 a prime number?
False
Is 6385369 a prime number?
True
Is 116225513 prime?
False
Is 41683963 a composite number?
False
Is 85859591 a prime number?
True
Is 2160493 composite?
True
Is 3389479 a prime number?
True
Is 87037003 composite?
False
Is 250489 prime?
True
Is 252579839 prime?
True
Is 3722863 prime?
False
Is 892709 a composite number?
False
Is 7556173 prime?
True
Is 14879 prime?
True
Is 38437846 a prime number?
False
Is 2434031 a composite number?
False
Is 14307061 a prime number?
True
Is 9608099 a prime number?
True
Is 4814683 a prime number?
True
Is 1884697 a prime number?
False
Is 14832193 composite?
False
Is 5368541 composite?
False
Is 8996489 prime?
False
Is 6717523 prime?
False
Is 3207221 prime?
True
Is 700423 a composite number?
False
Is 23459785 a prime number?
False
Is 12412349 a composite number?
True
Is 360209 prime?
False
Is 46810714 prime?
False
Is 53250697 a composite number?
True
Is 198441233 a composite number?
True
Is 53103017 prime?
False
Is 3099853 prime?
False
Is 140377709 a prime number?
True
Is 116291969 a composite number?
False
Is 1709257 composite?
True
Is 2164307 a prime number?
True
Is 59001667 composite?
True
Is 10036361 prime?
False
Is 308887 a composite number?
False
Is 4844087 prime?
True
Is 15474783 composite?
True
Is 194507 prime?
True
Is 304961 prime?
True
Is 128149093 prime?
False
Is 7416571 composite?
False
Is 39836045 prime?
False
Is 590398507 prime?
True
Is 1632443 a composite number?
True
Is 2108479 composite?
True
Is 2636567 composite?
False
Is 7394921 a prime number?
False
Is 1539557 a prime number?
True
Is 58477 prime?
True
Is 48634073 prime?
False
Is 8070167 a prime number?
False
Is 31490097 composite?
True
Is 5355057 prime?
False
Is 4473473 a composite number?
False
Is 3424669 a prime number?
False
Is 337690277 prime?
False
Is 1838167 prime?
True
Is 40213753 a composite number?
False
Is 70149751 prime?
False
Is 432953 composite?
True
Is 1348673 prime?
True
Is 41355641 composite?
False
Is 78187823 composite?
True
Is 81915523 composite?
False
Is 198454249 prime?
False
Is 3131807 prime?
False
Is 902667631 a composite number?
True
Is 263472419 a composite number?
True
Is 170007983 composite?
False
Is 5009447 composite?
True
Is 42280919 prime?
True
Is 22490101 composite?
False
Is 37914157 a prime number?
True
Is 135143 composite?
True
Is 196437 a prime number?
False
Is 8739281 prime?
True
Is 6643859 a prime number?
True
Is 1057943 a prime number?
False
Is 2246401 a composite number?
True
Is 63414713 composite?
False
Is 1229227 composite?
False
Is 13582727 a prime number?
True
Is 1006801 a composite number?
True
Is 41642917 composite?
False
Is 56750221 a composite number?
True
Is 66485983 composite?
True
Is 67041539 a prime number?
True
Is 16641179 a prime number?
True
Is 3155563 a composite number?
False
Is 8615567 a prime number?
True
Is 1376813 composite?
True
Is 46221545 prime?
False
Is 15457703 a prime number?
True
Is 129595757 a composite number?
False
Is 27606737 composite?
True
Is 665461217 a composite number?
False
Is 13641911 composite?
False
Is 3164179 composite?
True
Is 143231815 a composite number?
True
Is 38318857 composite?
False
Is 12480313 prime?
True
Is 1623701 prime?
True
Is 15191809 composite?
False
Is 328543 prime?
True
Is 321962 composite?
True
Is 24774881 a prime number?
True
Is 81857513 prime?
True
Is 639864869 a prime number?
False
Is 4231099 prime?
True
Is 2387767 a prime number?
True
Is 2538169 composite?
False
Is 748301 composite?
False
Is 14712587 a composite number?
False
Is 4833271 composite?
False
Is 13537987 composite?
False
Is 380693 a prime number?
False
Is 175386143 a prime number?
False
Is 1377239 prime?
False
Is 44738641 composite?
True
Is 41433751 a composite number?
True
Is 321066523 a composite number?
False
Is 47709581 prime?
True
Is 24479281 a prime number?
True
Is 249285823 prime?
True
Is 90986713 a prime number?
False
Is 4116911 a composite number?
False
Is 18362977 a composite number?
False
Is 33977379 composite?
True
Is 947941 a prime number?
False
Is 239338789 a prime number?
True
Is 866323 composite?
True
Is 14243146 a composite number?
True
Is 1185749 a composite number?
False
Is 1106227 composite?
True
Is 1977679993 prime?
True
Is 8764247 prime?
True
Is 11846711 a composite number?
True
Is 28085153 composite?
False
Is 2122259 a prime number?
True
Is 553745 prime?
False
Is 67936261 composite?
False
Is 604321 composite?
True
Is 39435947 prime?
False
Is 1617853 a prime number?
False
Is 205846721 a prime number?
True
Is 1563193 prime?
False
Is 126557573 a composite number?
True
Is 6306619 prime?
False
Is 4806649 composite?
False
Is 3728867 prime?
True
Is 3144137 prime?
True
Is 358392081 a composite number?
True
Is 45656551 a prime number?
False
Is 37309219 a prime number?
True
Is 7722739 prime?
True
Is 16980697 a prime number?
True
Is 8680639 prime?
False
Is 11308687 prime?
False
Is 6847858 a composite number?
True
Is 2516233 prime?
True
Is 7353943 a prime number?
True
Is 45763139 a composite number?
False
Is 64905979 a prime number?
False
Is 20044205 a composite number?
True
Is 676313 composite?
True
Is 1033699 composite?
True
Is 365107 a composite number?
False
Is 6573002 composite?
True
Is 34914331 a composite number?
False
Is 2991815 a prime number?
False
Is 449733755 a prime number?
False
Is 623911 a composite number?
True
Is 781141 prime?
False
Is 31036163 a prime number?
False
Is 285171377 a composite number?
False
Is 156126821 a prime number?
True
Is 4437047 a composite number?
True
Is 137033069 a prime number?
True
Is 3444289 prime?
True
Is 283076333 prime?
False
Is 68811035 composite?
True
Is 80597509 composite?
False
Is 2498257 composite?
True
Is 9206611 prime?
False
Is 2418541 a composite number?
False
Is 201869093 composite?
False
Is 144679 a prime number?
False
Is 45756391 a composite number?
False
Is 55754821 prime?
False
Is 119574761 composite?
False
Is 23191019 prime?
True
Is 16801079 a composite number?
True
Is 33150731 composite?
True
Is 18145529 a prime number?
True
Is 8958629 composite?
True
Is 1681349 prime?
True
Is 86764949 composite?
False
Is 60216179 prime?
True
Is 7368503 prime?
False
Is 100207 a prime number?
True
Is 32028617 prime?
True
Is 28632463 prime?
True
Is 163345759 composite?
False
Is 27826779 a composite number?
True
Is 132722683 a prime number?
False
Is 8682991 a composite number?
False
Is 46549 a composite number?
False
Is 19596899 a composite number?
True
Is 16448413 a composite number?
False
Is 64752989 a prime number?
False
Is 45039837 composite?
True
Is 1830368539 prime?
False
Is 876523 a composite number?
False
Is 41071351 a composite number?
False
Is 15743669 a composite number?
False
Is 25870667 prime?
True
Is 600689 a composite number?
False
Is 7924589 prime?
True
Is 249430435 a composite number?
True
Is 7959443 prime?
False
Is 6039037 a prime number?
True
Is 4230071 a prime number?
True
Is 9131429 a prime number?
True
Is 3145771 composite?
False
Is 29340931 prime?
False
Is 31817613 a prime number?
False
Is 65053 composite?
False
Is 120837733 prime?
True
Is 21784207 composite?
False
Is 145199683 a composite number?
False
Is 146317558 a prime number?
False
Is 3256463 a composite number?
True
Is 26870651 prime?